 = 3*a**2 + 7*a - 1. Determine z(-3).
5
Let f(a) = -67*a**3 + a**2 - a - 1. What is f(-1)?
68
Let h(p) = p**3 - 3*p**2 + 2*p - 4. Calculate h(3).
2
Let o(d) = -d**3 + 7*d**2 + 5*d + 19. Give o(8).
-5
Let t(g) = -g**3 + 7*g**2 + 7*g + 7. Calculate t(8).
-1
Let m(r) = r**2 - 33*r + 89. What is m(3)?
-1
Let q(g) = -g - 2. Determine q(-11).
9
Let y(o) = -8*o**2 + 39*o + 6. Give y(5).
1
Let j(f) = f**3 - 8*f**2 + 12*f - 7. Determine j(6).
-7
Let l(b) = -b**3 - 13*b**2 + 15*b - 6. Calculate l(-14).
-20
Let u(i) = -4*i**3 - i**2 - 2*i + 1. Determine u(1).
-6
Let s(q) = 6*q - 13. Give s(0).
-13
Let p(u) = -u**2 + 3*u + 1. Give p(4).
-3
Let x(r) = 3*r - 24. Give x(12).
12
Let q(y) = y**2 - 5*y - 12. Determine q(6).
-6
Let w(z) = -z**3 - 21*z**2 - 4*z - 75. Give w(-21).
9
Let l(b) = -2*b**2 - 11*b - 8. Calculate l(-4).
4
Let m(g) = -g. Determine m(-7).
7
Let a(c) = 4*c**2 + c - 5. What is a(2)?
13
Let j(m) = m**3 - 11*m**2 + 9*m - 9. Give j(10).
-19
Let w(j) = -j**3 + 11*j**2 + 34*j - 10. What is w(14)?
-122
Let d(u) = 3*u**3 - 35*u**2 - 11*u. Calculate d(12).
12
Let o(t) = -2*t**3 + t**2 - 6. What is o(0)?
-6
Let l(h) = h**3 - 16*h**2 - 16*h - 6. What is l(17)?
11
Let v(z) = -3*z - 11. Determine v(-11).
22
Let o(a) = 33*a**2 + 2*a - 2. What is o(1)?
33
Let n(r) = -r**3 - 4*r**2 + 2*r - 6. Calculate n(-5).
9
Let y(i) = 6*i**2 - i - 1. Determine y(-1).
6
Let s(l) = l**2 + 6*l + 3. Give s(-3).
-6
Let v(j) = j**3 - 4*j**2 - 3. Calculate v(3).
-12
Let c(u) = 2*u**2 + 39*u + 7. Calculate c(-19).
-12
Let b(f) = f**2 - 10*f - 83. Determine b(-6).
13
Let a(l) = 14*l**3 - l**2. Calculate a(-1).
-15
Let s(h) = -h**2 - 33*h - 108. Determine s(-4).
8
Let y(j) = j**3 + 13*j**2 + 4*j - 3. Determine y(-12).
93
Let h(o) = 3*o**2 + 31*o - 168. Calculate h(4).
4
Let r(t) = -23*t - 43. Calculate r(-2).
3
Let r(h) = 8*h**2 - h + 1. Calculate r(2).
31
Let j(s) = -3*s**2 - 3*s + 11. Calculate j(2).
-7
Let l(d) = -d**3 + 6*d**2 + 7*d - 13. Determine l(6).
29
Let r(f) = 2*f**2 + 3*f - 8. Calculate r(4).
36
Let q(w) = w**3 - 2*w**2 - 5*w - 3. What is q(-2)?
-9
Let z(s) = -2*s**2 + 2*s - 5. Determine z(-4).
-45
Let n(p) = -p**3 - 13*p**2 - 14*p + 17. What is n(-12)?
41
Let u(y) = -6*y**3 + 3*y**2 + y - 3. What is u(-1)?
5
Let w(o) = -9*o**3 - o**2 + 2*o - 1. Calculate w(2).
-73
Let b(p) = p**2 - 14*p. Give b(15).
15
Let f(a) = 11*a + 96. What is f(-9)?
-3
Let g(a) = -14*a - 188. Calculate g(-13).
-6
Let q(g) = -g**2 + 2*g + 4. Calculate q(-6).
-44
Let j(i) = i**2 - 25*i + 38. Give j(24).
14
Let u(a) = a**2 - 42*a + 306. Determine u(9).
9
Let x(o) = o**2 + o + 41. What is x(0)?
41
Let r(s) = 4*s + 10. What is r(-4)?
-6
Let n(v) = -v**3 + v**2 + v + 3. Determine n(3).
-12
Let j(q) = q - 5. Calculate j(5).
0
Let y(p) = 3*p**2 - 20*p + 3. Calculate y(7).
10
Let i(w) = -w**3 + 13*w**2 + 2*w + 7. Determine i(13).
33
Let s(h) = h**3 - 6*h**2 + 9*h - 10. Determine s(2).
-8
Let u(d) = -2*d**3 - 18*d**2 - 14*d - 1. Determine u(-8).
-17
Let h(j) = -10*j**2 + 3*j - 2. Give h(1).
-9
Let y(s) = s**3 - 12*s**2 + 9*s + 14. Give y(11).
-8
Let i(t) = t**3 - t**2 + 4*t + 2. Give i(0).
2
Let y(k) = k**3 - 11*k**2 + 10. Give y(10).
-90
Let z(p) = -7*p**3 - p**2. Calculate z(-1).
6
Let d(a) = -a**3 + 4*a**2 - 6*a + 10. Give d(3).
1
Let f(r) = r**3 + 15*r**2 + 44*r + 4. What is f(-11)?
4
Let b(s) = -s**3 - 2*s**2 - s + 2. Determine b(-4).
38
Let l(x) = -x**2 + 16*x - 47. Give l(9).
16
Let a(i) = -i**3 - i**2 + 3*i + 11. Give a(0).
11
Let u(z) = 9*z + 143. What is u(-17)?
-10
Let o(k) = 12*k - 49. What is o(4)?
-1
Let b(q) = -q**3 - 5*q**2 + 6*q. What is b(-6)?
0
Let s(i) = 5*i - 49. Give s(12).
11
Let c(s) = -s - 19. What is c(-13)?
-6
Let q(z) = 3*z + 20. Give q(-6).
2
Let x(k) = 2*k**2 - k + 3. Determine x(0).
3
Let q(g) = -g**3 + 12*g**2 - 20*g + 13. Calculate q(11).
-86
Let l(a) = 2*a**3 + 9*a**2 - 5*a + 4. Give l(-5).
4
Let z(x) = -x**2 + 12*x - 3. Give z(9).
24
Let y(i) = 26*i + 140. Calculate y(-5).
10
Let w(m) = m**2 + 18*m - 6. Give w(-18).
-6
Let n(h) = -h**3 - 3*h**2 - 2*h + 1. Calculate n(-2).
1
Let a(g) = 2*g**2 - 10*g + 14. What is a(7)?
42
Let b(y) = y**3 - y**2 - 11*y - 1. Give b(4).
3
Let m(v) = 2*v - 2. Calculate m(-5).
-12
Let t(g) = -18*g**2 - 39*g - 39. Determine t(-1).
-18
Let g(i) = 19*i - 20. What is g(1)?
-1
Let h(t) = -t**2 + 7*t + 15. Determine h(7).
15
Let t(a) = a**2 + 4. What is t(4)?
20
Let h(a) = -a**3 - 5*a**2 + 6*a - 8. Determine h(-6).
-8
Let o(p) = p - 21. Determine o(-5).
-26
Let w(r) = r**2 + 12*r - 48. What is w(-15)?
-3
Let h(n) = 95*n - 951. What is h(10)?
-1
Let q(u) = u - 2. Give q(11).
9
Let s(t) = t**3 - 5*t**2 - 7*t + 19. Calculate s(4).
-25
Let d(t) = -9*t. Give d(1).
-9
Let k(c) = -19*c**2 + c + 2. Calculate k(-1).
-18
Let p(l) = 2*l**2 + 7*l + 2. Give p(-5).
17
Let i(t) = -14*t + 95. Determine i(6).
11
Let s(h) = 60*h - 124. Determine s(2).
-4
Let c(x) = 2*x**2 + 58*x - 71. What is c(-30)?
-11
Let a(c) = 18*c**3 - 2*c - 1. What is a(-2)?
-141
Let m(w) = 10*w**3 - w**2 - 2*w. What is m(-1)?
-9
Let j(p) = p**3 + 9*p**2 + p - 5. Determine j(-9).
-14
Let w(m) = -m**3 + 13*m**2 - 16*m - 64. Determine w(11).
2
Let m(z) = z**2 - 14*z - 7. Determine m(7).
-56
Let j(l) = -7*l + 61. What is j(0)?
61
Let t(u) = -u**3 + 4*u**2 + 2*u - 10. What is t(5)?
-25
Let v(j) = j**3 - 7*j**2 - 6*j - 6. Give v(8).
10
Let m(z) = z**3 + 6*z**2 + 8*z + 3. Give m(-4).
3
Let a(p) = 143*p - 291. Calculate a(2).
-5
Let c(a) = a**2 - 15*a + 15. Calculate c(14).
1
Let m(f) = -2*f**2 + 2*f + 7. Calculate m(3).
-5
Let h(p) = 9*p - 5. Determine h(2).
13
Let z(u) = -6*u - 1. Give z(-2).
11
Let m(k) = -k**3 + 2*k**2 + 8*k + 4. Determine m(4).
4
Let s(k) = 18*k - 536. Determine s(30).
4
Let n(x) = 5*x + 1. Calculate n(-1).
-4
Let b(n) = -3*n - 18. What is b(-10)?
12
Let z(w) = w**2 + 12*w - 16. Give z(-10).
-36
Let p(c) = c**3 + 26*c**2 + 22*c - 16. What is p(-25)?
59
Let y(f) = 26*f + 63. Determine y(-2).
11
Let m(l) = -13*l**3 + 2*l**2 - 2*l + 1. Determine m(1).
-12
Let v(k) = -k**3 - 16*k**2 - 15*k + 20. Give v(-15).
20
Let p(q) = q**3 + 2*q**2 + 4*q + 3. Calculate p(-3).
-18
Let h(y) = -5*y + 14. Determine h(6).
-16
Let j(c) = -2*c**2 + 52*c + 52. Give j(27).
-2
Let n(j) = 13*j**3 + j**2 - 2*j - 2. What is n(-1)?
-12
Let i(a) = -6*a + 18. Calculate i(8).
-30
Let z(k) = -k**2 + 49*k - 174. Give z(45).
6
Let q(y) = 27*y + 53. Calculate q(-2).
-1
Let o(y) = y + 11. What is o(-4)?
7
Let c(p) = -9*p + 84. Determine c(10).
-6
Let h(t) = 159*t**3 + 3*t**2 + t - 3. What is h(1)?
160
Let a(u) = u**3 + u**2 - u + 3. What is a(-3)?
-12
Let v(b) = -b**2 - 2*b + 12. What is v(-10)?
-68
Let r(i) = -i**3 - 14*i**2 - 23*i + 8. Calculate r(-12).
-4
Let v(w) = -w**3 + 5*w**2 - w - 1. Calculate v(3).
14
Let d(l) = -5*l + 42. Calculate d(12).
-18
Let i(g) = -53*g - 92. Give i(-2).
14
Let q(u) = -u + 13. What is q(5)?
8
Let w(k) = -k**2 + 3*k + 154. Determine w(14).
0
Let s(t) = t**2 - 12*t + 25. Determine s(11).
14
Let r(a) = -21*a + 107. Calculate r(5).
2
Let y(r) = -r**3 + 3*r**2 - 2*r + 29. Determine y(4).
5
Let w(o) = -8*o - 98. Determine w(-13).
6
Let o(j) = j**3 - 8*j**2 + 7*j - 6. What is o(7)?
-6
Let l(g) = -11*g**3 + 2*g + 1. Determine l(-1).
10
Let m(r) = r**3 + 25*r**2 - 31*r - 62. Calculate m(-26).
68
Let p(d) = -3*d**2 - 4*d + 6. What is p(3)?
-33
Let c(p) = p**2 - 18*p - 139. What is c(-6)?
5
Let v(q) = -5*q**3 - 2*q**2 - 3*q. Calculate v(-2).
38
Let r(j) = 2*j**2 + 15*j + 3. Calculate r(-6).
-15
Let s(v) = -v**3 - 2*v**2 + 4*v - 1. Give s(1).
0
Let d(v) = 19*v**2 - 2*v. Give d(-2).
80
Let p(s) = s**3 + 10*s**2 + 3*s - 1. What is p(-9)?
53
Let y(x) = 14*x + 9. Determine y(-4).
-47
Let i(b) = -b**2 - 2*b + 42. Calculate i(0).
42
Let o(d) = d**2 - 10*d + 3. Determine o(0).
3
Let m(i) = -6*i**3 - 6*i**2 - 3*i + 2. Calculate m(-1).
5
Let j(b) = b**3 + 4*b**2 + 6*b + 3. Calculate j(-3).
-6
Let c(m) = m**2 - 5*m - 1. What is c(5)?
-1
Let u(g) = -3*g - 3. Calculate u(8).
-27
Let z(f) = -f**3 - 3*f**2 - 11*f - 30. What is z(-6)?
144
Let j(u) = 13*u - 61. What is j(5)?
4
Let f(i) = -i**3 + 7*i**2 - 7*i + 7. What is f(5)?
22
Let v(w) = 6*w**2 + w - 3. Determine v(-3).
48
Let i(r) = -26*r - 1. Determine i(2).
-53
Let n(j) = 2*j - 6. What is n(7)?
8
Let f(l) = -l**2 - 14*l + 22. Give f(-15).
7
Let z(